 11) to base 16.
-b
-302 (base 8) to base 14
-dc
-b5 (base 16) to base 4
-2311
100 (base 5) to base 13
1c
Convert 1010 (base 3) to base 2.
11110
Convert 182 (base 11) to base 10.
211
What is 25 (base 7) in base 12?
17
11 (base 2) to base 9
3
10000010 (base 2) to base 16
82
What is 3 (base 15) in base 14?
3
What is 1 (base 3) in base 15?
1
Convert 221 (base 5) to base 2.
111101
What is 32 (base 8) in base 3?
222
Convert 41 (base 6) to base 15.
1a
21 (base 3) to base 5
12
Convert -202 (base 7) to base 5.
-400
What is -2a (base 14) in base 16?
-26
Convert -15 (base 8) to base 15.
-d
-301 (base 5) to base 6
-204
What is -13 (base 9) in base 16?
-c
What is -3 (base 10) in base 9?
-3
Convert -3 (base 7) to base 5.
-3
7 (base 11) to base 13
7
135 (base 10) to base 14
99
Convert 123 (base 7) to base 2.
1000010
What is -2121 (base 3) in base 7?
-130
7b (base 12) to base 6
235
What is -1 (base 5) in base 4?
-1
-2 (base 4) to base 8
-2
-22 (base 4) to base 8
-12
What is -324 (base 5) in base 16?
-59
Convert -1 (base 6) to base 10.
-1
Convert 1a (base 13) to base 14.
19
50 (base 12) to base 3
2020
0 (base 3) to base 15
0
What is -14 (base 5) in base 7?
-12
0 (base 3) to base 15
0
Convert -2 (base 4) to base 10.
-2
8 (base 15) to base 6
12
What is 6 (base 14) in base 12?
6
Convert 2 (base 13) to base 8.
2
Convert -24 (base 7) to base 5.
-33
41 (base 8) to base 5
113
What is -3 (base 9) in base 8?
-3
What is -36 (base 9) in base 7?
-45
What is 0 (base 13) in base 8?
0
What is 103 (base 9) in base 11?
77
What is 22 (base 8) in base 4?
102
1505 (base 6) to base 5
3101
3 (base 5) to base 12
3
Convert 11 (base 4) to base 11.
5
What is -101 (base 7) in base 14?
-38
2 (base 15) to base 2
10
What is 120 (base 6) in base 13?
39
Convert 6 (base 8) to base 3.
20
-3 (base 5) to base 3
-10
What is 120 (base 4) in base 13?
1b
What is -8 (base 16) in base 3?
-22
What is 203 (base 5) in base 7?
104
What is -21 (base 4) in base 13?
-9
0 (base 14) to base 2
0
Convert -3 (base 4) to base 16.
-3
62 (base 9) to base 15
3b
What is 23 (base 5) in base 14?
d
Convert 141 (base 7) to base 12.
66
-8 (base 14) to base 12
-8
Convert 2 (base 15) to base 4.
2
Convert -120 (base 6) to base 13.
-39
What is 3a (base 11) in base 15?
2d
2 (base 11) to base 4
2
What is -132 (base 4) in base 3?
-1010
Convert -66 (base 12) to base 3.
-2220
-2 (base 12) to base 5
-2
Convert -59 (base 11) to base 10.
-64
1 (base 4) to base 5
1
What is 12 (base 3) in base 6?
5
12 (base 9) to base 14
b
Convert 45 (base 8) to base 15.
27
-2 (base 12) to base 15
-2
Convert 2 (base 5) to base 4.
2
Convert -3 (base 6) to base 15.
-3
Convert 3 (base 16) to base 10.
3
Convert -1b (base 13) to base 9.
-26
-4 (base 11) to base 5
-4
What is 3 (base 12) in base 13?
3
Convert 444 (base 8) to base 10.
292
Convert 1 (base 9) to base 15.
1
What is 9 (base 15) in base 8?
11
What is -42 (base 11) in base 12?
-3a
4 (base 13) to base 15
4
What is 0 (base 14) in base 10?
0
Convert 231 (base 7) to base 15.
80
-11 (base 2) to base 6
-3
What is -d (base 16) in base 5?
-23
What is 13 (base 9) in base 5?
22
158 (base 10) to base 3
12212
What is 100111101 (base 2) in base 10?
317
What is 33 (base 10) in base 7?
45
Convert 5 (base 12) to base 13.
5
What is -1a (base 13) in base 16?
-17
-4 (base 12) to base 10
-4
What is 1 (base 14) in base 3?
1
What is 0 (base 7) in base 10?
0
Convert 435 (base 9) to base 16.
164
Convert -185 (base 10) to base 7.
-353
Convert -3 (base 8) to base 7.
-3
Convert 8 (base 11) to base 14.
8
-c (base 15) to base 14
-c
-17 (base 9) to base 14
-12
Convert 314 (base 7) to base 2.
10011110
-231 (base 8) to base 16
-99
20 (base 3) to base 8
6
Convert -b5 (base 16) to base 2.
-10110101
Convert 141 (base 5) to base 10.
46
What is 30 (base 11) in base 8?
41
Convert -215 (base 7) to base 14.
-7c
Convert 3 (base 9) to base 14.
3
What is 1 (base 7) in base 9?
1
-8c (base 13) to base 4
-1310
-2a (base 12) to base 16
-22
1 (base 8) to base 6
1
0 (base 2) to base 15
0
What is 2 (base 15) in base 2?
10
What is 332 (base 6) in base 15?
88
What is a9 (base 13) in base 3?
12011
What is 101 (base 6) in base 8?
45
What is -330 (base 4) in base 5?
-220
-6 (base 16) to base 6
-10
What is -1111 (base 2) in base 13?
-12
Convert 35 (base 13) to base 5.
134
Convert 20 (base 14) to base 8.
34
-2 (base 6) to base 10
-2
-12 (base 16) to base 3
-200
Convert -50 (base 12) to base 2.
-111100
27 (base 15) to base 5
122
What is 0 (base 9) in base 13?
0
-2 (base 3) to base 8
-2
Convert 20 (base 4) to base 9.
8
2120 (base 3) to base 9
76
68 (base 15) to base 16
62
0 (base 2) to base 8
0
-322 (base 6) to base 2
-1111010
Convert 22 (base 6) to base 7.
20
Convert -8 (base 9) to base 3.
-22
What is 10 (base 4) in base 10?
4
Convert -12 (base 11) to base 10.
-13
1 (base 6) to base 14
1
Convert -5 (base 9) to base 15.
-5
Convert 113 (base 6) to base 16.
2d
What is 213 (base 6) in base 7?
144
40 (base 12) to base 10
48
0 (base 10) to base 9
0
What is 13 (base 16) in base 6?
31
2 (base 9) to base 3
2
3223 (base 4) to base 15
10a
Convert 22 (base 13) to base 3.
1001
Convert -5 (base 13) to base 15.
-5
Convert -5 (base 14) to base 3.
-12
-2a (base 11) to base 8
-40
What is 2e (base 16) in base 3?
1201
What is 1 (base 7) in base 16?
1
What is -11 (base 6) in base 16?
-7
-3 (base 7) to base 5
-3
30 (base 6) to base 7
24
What is 172 (base 9) in base 7?
266
Convert -4 (base 10) to base 7.
-4
-1202 (base 3) to base 5
-142
-64 (base 8) to base 10
-52
-101 (base 2) to base 7
-5
107 (base 11) to base 16
80
Convert 100110 (base 2) to base 7.
53
3 (base 6) to base 11
3
-365 (base 8) to base 7
-500
Convert 3 (base 16) to base 11.
3
What is 0 (base 4) in base 16?
0
-46 (base 10) to base 6
-114
What is 132 (base 7) in base 4?
1020
241 (base 8) to base 5
1121
16 (base 7) to base 2
1101
-4 (base 8) to base 3
-11
a (base 11) to base 7
13
12 (base 4) to base 3
20
-100 (base 2) to base 11
-4
What is 4 (base 10) in base 12?
4
Convert -43 (base 12) to base 2.
-110011
-9 (base 13) to base 9
-10
Convert 2 (base 6) to base 16.
2
What is 2 (base 7) in base 8?
2
2 (base 12) to base 6
2
1 (base 4) to base 13
1
What is -19 (base 10) in base 16?
-13
Convert 72 (base 8) to base 7.
112
What is -10100 (base 2) in base 6?
-32
Convert -1021 (base 4) to base 7.
-133
What is -2e (base 16) in base 2?
-101110
Convert 0 (base 6) to base 13.
0
What is 254 (base 7) in base 5?
1022
What is -1 (base 15) in base 5?
-1
-1100 (base 3) to base 15
-26
Convert 5d (base 16) to base 15.
63
What is -29 (base 11) in base 6?
-51
Convert 0 (base 14) to base 6.
0
46 (base 13) to base 4
322
Convert -200 (base 3) to base 2.
-10010
-515 (base 6) to base 14
-d9
-1 (base 5) to base 6
-1
What is 6 (base 7) in base 3?
20
Convert 2 (base 7) to base 5.
2
What is 3 (base 9) in base 12?
3
What is -87 (base 14) in base 7?
-230
71 (base 11) to base 14
58
What is -6 (base 13) in base 9?
-6
21 (base 8) to base 12
15
Convert -32 (base 10) to base 6.
-52
11221 (base 3) to base 13
a3
-301 (base 6) to base 12
-91
Convert -34 (base 5) to base 11.
-18
Convert 11 (base 13) to base 2.
1110
What is 16 (base 11) in base 15?
12
What is -10 (base 4) in base 5?
-4
-2 (base 13) to base 16
-2
What is -6 (base 8) in base 14?
-6
Convert 1 (base 13) to base 14.
1
181 (base 11) to base 16
d2
Convert -279 (base 10) to base 5.
-2104
What is 1 (base 9) in base 8?
1
-1 (base 3) to base 10
-1
-214 (base 5) to base 11
-54
What is 0 (base 12) in base 5?
0
-22 (base 13) to base 3
-1001
3 (base 7) to base 9
3
2 (base 13) to base 15
2
What is -1010 (base 2) in base 16?
-a
-37 (base 16) to base 3
-2001
What is -12 (base 4) in base 16?
-6
Convert 1 (base 7) to base 14.
1
Convert 10 (base 6) to base 3.
20
What is 4 (base 7) in base 14?
4
What is 1 (base 15) in base 2?
1
Convert -21 (base 7) to base 10.
-15
Convert -222 (base 4) to base 6.
-110
-112 (base 12) to base 4
-2132
-12 (base 7) to base 12
-9
120 (base 3) to base 11
14
Convert -3 (base 7) to base 11.
-3
2 (base 6) to base 5
2
What is -26 (base 14) in base 5?
-114
Convert -1 (base 10) to base 6.
-1
5 (base 7) to base 3
12
What is -9 (base 13) in base 15?
-9
24 (base 13) to base 7
42
What is 1 (base 9) in base 7?
1
What is 10 (base 5) in base 4?
11
1014 (base 5) to base 12
b2
11 (base 15) to base 1